{"id":29,"date":"2022-03-31T09:38:08","date_gmt":"2022-03-31T07:38:08","guid":{"rendered":"http:\/\/weisser-stein.blog\/?page_id=29"},"modified":"2022-03-31T09:38:08","modified_gmt":"2022-03-31T07:38:08","slug":"beruehrend","status":"publish","type":"page","link":"https:\/\/weisser-stein.blog\/index.php\/beruehrend\/","title":{"rendered":"Ber\u00fchrend"},"content":{"rendered":"\n<p>Haben Sie weitere Informationen?<\/p>\n\n\n\n<p>Rufen Sie uns an: +33 237 531 114<\/p>\n\n\n\n<p>\u00d6ffnungszeiten :<\/p>\n\n\n\n<p>Montag bis Freitag: 9.00-17.00 Uhr<\/p>\n\n\n\n<p>Samstags und sonntags: Geschlossen<\/p>\n\n\n\n<p>Ihre Nachricht an :<\/p>\n\n\n\n<div class=\"wp-block-contact-form-7-contact-form-selector\">\n<div class=\"wpcf7 no-js\" id=\"wpcf7-f21-o1\" lang=\"fr-FR\" dir=\"ltr\" data-wpcf7-id=\"21\">\n<div class=\"screen-reader-response\"><p role=\"status\" aria-live=\"polite\" aria-atomic=\"true\"><\/p> <ul><\/ul><\/div>\n<form action=\"\/index.php\/wp-json\/wp\/v2\/pages\/29#wpcf7-f21-o1\" method=\"post\" class=\"wpcf7-form init\" aria-label=\"Formulaire de contact\" novalidate=\"novalidate\" data-status=\"init\">\n<fieldset class=\"hidden-fields-container\"><input type=\"hidden\" name=\"_wpcf7\" value=\"21\" \/><input type=\"hidden\" name=\"_wpcf7_version\" value=\"6.1.5\" \/><input type=\"hidden\" name=\"_wpcf7_locale\" value=\"fr_FR\" \/><input type=\"hidden\" name=\"_wpcf7_unit_tag\" value=\"wpcf7-f21-o1\" \/><input type=\"hidden\" name=\"_wpcf7_container_post\" value=\"0\" \/><input type=\"hidden\" name=\"_wpcf7_posted_data_hash\" value=\"\" \/><input type=\"hidden\" name=\"_wpcf7_recaptcha_response\" value=\"\" \/>\n<\/fieldset>\n<p><label> Ihr Name<br \/>\n<span class=\"wpcf7-form-control-wrap\" data-name=\"your-name\"><input size=\"40\" maxlength=\"400\" class=\"wpcf7-form-control wpcf7-text wpcf7-validates-as-required\" aria-required=\"true\" aria-invalid=\"false\" value=\"\" type=\"text\" name=\"your-name\" \/><\/span> <\/label>\n<\/p>\n<p><label> Ihre E-Mail<br \/>\n<span class=\"wpcf7-form-control-wrap\" data-name=\"your-email\"><input size=\"40\" maxlength=\"400\" class=\"wpcf7-form-control wpcf7-email wpcf7-validates-as-required wpcf7-text wpcf7-validates-as-email\" aria-required=\"true\" aria-invalid=\"false\" value=\"\" type=\"email\" name=\"your-email\" \/><\/span> <\/label>\n<\/p>\n<p><label> Das Thema des Zahnschmelzes<br \/>\n<span class=\"wpcf7-form-control-wrap\" data-name=\"your-subject\"><input size=\"40\" maxlength=\"400\" class=\"wpcf7-form-control wpcf7-text wpcf7-validates-as-required\" aria-required=\"true\" aria-invalid=\"false\" value=\"\" type=\"text\" name=\"your-subject\" \/><\/span> <\/label>\n<\/p>\n<p><label> Ihre Nachricht an<br \/>\n<span class=\"wpcf7-form-control-wrap\" data-name=\"your-message\"><textarea cols=\"40\" rows=\"10\" maxlength=\"2000\" class=\"wpcf7-form-control wpcf7-textarea\" aria-invalid=\"false\" name=\"your-message\"><\/textarea><\/span> <\/label>\n<\/p>\n<p><input class=\"wpcf7-form-control wpcf7-submit has-spinner\" type=\"submit\" value=\"Schicken\" \/>\n<\/p><p style=\"display: none !important;\" class=\"akismet-fields-container\" data-prefix=\"_wpcf7_ak_\"><label>&#916;<textarea name=\"_wpcf7_ak_hp_textarea\" cols=\"45\" rows=\"8\" maxlength=\"100\"><\/textarea><\/label><input type=\"hidden\" id=\"ak_js_1\" name=\"_wpcf7_ak_js\" value=\"188\"\/><script>document.getElementById( \"ak_js_1\" ).setAttribute( \"value\", ( new Date() ).getTime() );<\/script><\/p><div class=\"wpcf7-response-output\" aria-hidden=\"true\"><\/div>\n<\/form>\n<\/div>\n<\/div>\n\n\n\n<p><\/p>\n","protected":false},"excerpt":{"rendered":"<p>Haben Sie weitere Informationen? Rufen Sie uns an: +33 237 531 114 \u00d6ffnungszeiten : Montag bis Freitag: 9.00-17.00 Uhr Samstags und sonntags: Geschlossen Ihre Nachricht an :<\/p>\n","protected":false},"author":1,"featured_media":0,"parent":0,"menu_order":0,"comment_status":"closed","ping_status":"closed","template":"","meta":{"footnotes":""},"class_list":["post-29","page","type-page","status-publish","hentry"],"yoast_head":"<!-- This site is optimized with the Yoast SEO plugin v27.4 - https:\/\/yoast.com\/product\/yoast-seo-wordpress\/ -->\n<title>Ber\u00fchrend - Wei\u00dfer TonStein<\/title>\n<meta name=\"robots\" content=\"index, follow, max-snippet:-1, max-image-preview:large, max-video-preview:-1\" \/>\n<link rel=\"canonical\" href=\"https:\/\/weisser-stein.blog\/index.php\/beruehrend\/\" \/>\n<meta property=\"og:locale\" content=\"de_DE\" \/>\n<meta property=\"og:type\" content=\"article\" \/>\n<meta property=\"og:title\" content=\"Ber\u00fchrend - Wei\u00dfer TonStein\" \/>\n<meta property=\"og:description\" content=\"Haben Sie weitere Informationen? Rufen Sie uns an: +33 237 531 114 \u00d6ffnungszeiten : Montag bis Freitag: 9.00-17.00 Uhr Samstags und sonntags: Geschlossen Ihre Nachricht an :\" \/>\n<meta property=\"og:url\" content=\"https:\/\/weisser-stein.blog\/index.php\/beruehrend\/\" \/>\n<meta property=\"og:site_name\" content=\"Wei\u00dfer TonStein\" \/>\n<meta name=\"twitter:card\" content=\"summary_large_image\" \/>\n<script type=\"application\/ld+json\" class=\"yoast-schema-graph\">{\"@context\":\"https:\\\/\\\/schema.org\",\"@graph\":[{\"@type\":\"WebPage\",\"@id\":\"https:\\\/\\\/weisser-stein.blog\\\/index.php\\\/beruehrend\\\/\",\"url\":\"https:\\\/\\\/weisser-stein.blog\\\/index.php\\\/beruehrend\\\/\",\"name\":\"Ber\u00fchrend - Wei\u00dfer TonStein\",\"isPartOf\":{\"@id\":\"https:\\\/\\\/weisser-stein.blog\\\/#website\"},\"datePublished\":\"2022-03-31T07:38:08+00:00\",\"breadcrumb\":{\"@id\":\"https:\\\/\\\/weisser-stein.blog\\\/index.php\\\/beruehrend\\\/#breadcrumb\"},\"inLanguage\":\"de\",\"potentialAction\":[{\"@type\":\"ReadAction\",\"target\":[\"https:\\\/\\\/weisser-stein.blog\\\/index.php\\\/beruehrend\\\/\"]}]},{\"@type\":\"BreadcrumbList\",\"@id\":\"https:\\\/\\\/weisser-stein.blog\\\/index.php\\\/beruehrend\\\/#breadcrumb\",\"itemListElement\":[{\"@type\":\"ListItem\",\"position\":1,\"name\":\"Accueil\",\"item\":\"https:\\\/\\\/weisser-stein.blog\\\/\"},{\"@type\":\"ListItem\",\"position\":2,\"name\":\"Ber\u00fchrend\"}]},{\"@type\":\"WebSite\",\"@id\":\"https:\\\/\\\/weisser-stein.blog\\\/#website\",\"url\":\"https:\\\/\\\/weisser-stein.blog\\\/\",\"name\":\"Wei\u00dfer TonStein\",\"description\":\"Hersteller von Wei\u00dfer Tonstein\",\"potentialAction\":[{\"@type\":\"SearchAction\",\"target\":{\"@type\":\"EntryPoint\",\"urlTemplate\":\"https:\\\/\\\/weisser-stein.blog\\\/?s={search_term_string}\"},\"query-input\":{\"@type\":\"PropertyValueSpecification\",\"valueRequired\":true,\"valueName\":\"search_term_string\"}}],\"inLanguage\":\"de\"}]}<\/script>\n<!-- \/ Yoast SEO plugin. -->","yoast_head_json":{"title":"Ber\u00fchrend - Wei\u00dfer TonStein","robots":{"index":"index","follow":"follow","max-snippet":"max-snippet:-1","max-image-preview":"max-image-preview:large","max-video-preview":"max-video-preview:-1"},"canonical":"https:\/\/weisser-stein.blog\/index.php\/beruehrend\/","og_locale":"de_DE","og_type":"article","og_title":"Ber\u00fchrend - Wei\u00dfer TonStein","og_description":"Haben Sie weitere Informationen? Rufen Sie uns an: +33 237 531 114 \u00d6ffnungszeiten : Montag bis Freitag: 9.00-17.00 Uhr Samstags und sonntags: Geschlossen Ihre Nachricht an :","og_url":"https:\/\/weisser-stein.blog\/index.php\/beruehrend\/","og_site_name":"Wei\u00dfer TonStein","twitter_card":"summary_large_image","schema":{"@context":"https:\/\/schema.org","@graph":[{"@type":"WebPage","@id":"https:\/\/weisser-stein.blog\/index.php\/beruehrend\/","url":"https:\/\/weisser-stein.blog\/index.php\/beruehrend\/","name":"Ber\u00fchrend - Wei\u00dfer TonStein","isPartOf":{"@id":"https:\/\/weisser-stein.blog\/#website"},"datePublished":"2022-03-31T07:38:08+00:00","breadcrumb":{"@id":"https:\/\/weisser-stein.blog\/index.php\/beruehrend\/#breadcrumb"},"inLanguage":"de","potentialAction":[{"@type":"ReadAction","target":["https:\/\/weisser-stein.blog\/index.php\/beruehrend\/"]}]},{"@type":"BreadcrumbList","@id":"https:\/\/weisser-stein.blog\/index.php\/beruehrend\/#breadcrumb","itemListElement":[{"@type":"ListItem","position":1,"name":"Accueil","item":"https:\/\/weisser-stein.blog\/"},{"@type":"ListItem","position":2,"name":"Ber\u00fchrend"}]},{"@type":"WebSite","@id":"https:\/\/weisser-stein.blog\/#website","url":"https:\/\/weisser-stein.blog\/","name":"Wei\u00dfer TonStein","description":"Hersteller von Wei\u00dfer Tonstein","potentialAction":[{"@type":"SearchAction","target":{"@type":"EntryPoint","urlTemplate":"https:\/\/weisser-stein.blog\/?s={search_term_string}"},"query-input":{"@type":"PropertyValueSpecification","valueRequired":true,"valueName":"search_term_string"}}],"inLanguage":"de"}]}},"_links":{"self":[{"href":"https:\/\/weisser-stein.blog\/index.php\/wp-json\/wp\/v2\/pages\/29","targetHints":{"allow":["GET"]}}],"collection":[{"href":"https:\/\/weisser-stein.blog\/index.php\/wp-json\/wp\/v2\/pages"}],"about":[{"href":"https:\/\/weisser-stein.blog\/index.php\/wp-json\/wp\/v2\/types\/page"}],"author":[{"embeddable":true,"href":"https:\/\/weisser-stein.blog\/index.php\/wp-json\/wp\/v2\/users\/1"}],"replies":[{"embeddable":true,"href":"https:\/\/weisser-stein.blog\/index.php\/wp-json\/wp\/v2\/comments?post=29"}],"version-history":[{"count":1,"href":"https:\/\/weisser-stein.blog\/index.php\/wp-json\/wp\/v2\/pages\/29\/revisions"}],"predecessor-version":[{"id":30,"href":"https:\/\/weisser-stein.blog\/index.php\/wp-json\/wp\/v2\/pages\/29\/revisions\/30"}],"wp:attachment":[{"href":"https:\/\/weisser-stein.blog\/index.php\/wp-json\/wp\/v2\/media?parent=29"}],"curies":[{"name":"wp","href":"https:\/\/api.w.org\/{rel}","templated":true}]}}